3760 = 2*j - 1954, 5*j - 4*v - 14289 = 0. Is j a prime number?
True
Let q(i) = 24*i**2 + 37*i - 3. Is q(10) a prime number?
True
Let r = -9620 + 3173. Is (r/(-6))/((-1)/(-2)) prime?
False
Suppose 0 = -2*h + 4*m + 20, 2*h + h = -2*m - 2. Suppose 3*k = 2*b + 2*b - 1072, 0 = h*k - 4*b + 716. Is k/(-6) + (-5)/15 composite?
False
Let v be (-5 + (-9)/4)*-328. Suppose 36*w = 34*w + v. Is w a composite number?
True
Let u(s) be the first derivative of s**4/4 + 17*s**3/6 - 3*s**2/2 - 3. Let k(h) be the second derivative of u(h). Is k(7) a composite number?
False
Suppose 107*r + 1021920 = 4*m + 105*r, 3*r - 766431 = -3*m. Is m composite?
True
Let c(w) = -2*w**3 - 16*w**2 - 41*w + 12. Is c(-15) a composite number?
True
Suppose 8 + 32 = 4*v. Is 2575/v - (-3)/(-6) composite?
False
Let m be (14/8)/(2/(-8)). Let w = -2 - m. Suppose -3*k + 12 = 0, -w*x - k + 5*k = -354. Is x composite?
True
Let k(j) = -j**2 + 10*j - 7. Let r be k(11). Let b = r + 114. Suppose 0 = -5*y + 79 + b. Is y a composite number?
True
Let g = 5134 + -2307. Is g composite?
True
Suppose 0*f - 2*f = 17262. Let h = f - -12964. Is h a prime number?
False
Let l = -92801 + 254718. Is l prime?
False
Let u = 36821 - 22452. Is u a composite number?
False
Suppose -3*k - 7 + 25 = 0. Suppose 9 = v + k. Suppose -x - 526 = -v*x. Is x a composite number?
False
Let m(h) = 2*h**3 + 9*h**2 - 12*h - 14. Let v be m(-7). Let r = 333 + v. Is r composite?
True
Suppose 0 = b - h - 9752, -20*h + 20 = -16*h. Is b a prime number?
False
Suppose 0 = -2*l - 3853 + 60131. Is l prime?
False
Let k(f) = -12*f - 15. Let d(r) = -11*r - 14. Let p(o) = 7*d(o) - 6*k(o). Is p(-15) prime?
True
Let f be (3 - 1)*(-7)/(-14) - -5. Suppose 0 = -3*n + f*n - 771. Is n a prime number?
True
Suppose -2*o + 32 = 2*h + 2*h, -56 = -5*o + 2*h. Is o/60 + (-1594)/(-5) prime?
False
Let t(y) = -y**3 - 16*y**2 + 4*y - 10. Is t(-17) prime?
True
Suppose v + 6 = 24. Suppose q + 0*z = -2*z + 6, -v = q - 4*z. Is q + ((-387)/1)/(-3) prime?
True
Let v(i) = -16*i**2 + 11*i + 5. Let g be v(-4). Is 1 - (3 - g/(-1)) prime?
True
Let s(z) = 35*z + 17. Is s(4) a prime number?
True
Suppose -c + 3*t = -218, 0 = -5*c - t + 743 + 379. Suppose -2*o - 4*o - 1686 = 0. Let x = c - o. Is x a prime number?
False
Let j = 19 - 79. Let w = j - -395. Is w a composite number?
True
Let o = 14475 + -8030. Is o prime?
False
Let i be 10/(-55) - 84/22. Let z be (8 - 10)*306/i. Let k = 8 + z. Is k a composite number?
True
Let s(f) = -f**2 - f + 328. Let g be s(0). Suppose -y + 2*y + 5*i = 378, -y = -5*i - g. Is y a composite number?
False
Let v = -11348 + 18469. Is v a prime number?
True
Suppose -4*d = -5*b + 17, 4*b = 30 - 10. Suppose 0 = -o + 4*m + 27, -d*m = 2*o + o - 53. Suppose 14*l - o*l + 1055 = 0. Is l prime?
True
Suppose 3*m + 7*r - 3178 = 3*r, -3*r = 5*m - 5304. Suppose -337 = -3*f + 4*s + m, 5*f - 2*s - 2341 = 0. Is f a composite number?
True
Let g(y) = 4*y**3 - 11*y - 31. Let l be g(-9). Is (-2)/(2 + l/1420) composite?
True
Let n = 22 + -12. Suppose 16*u = n*u + 15126. Is u a composite number?
False
Suppose -5*p - 3*o + 2860 = -p, -5*p - o = -3575. Suppose -j = -448 - p. Is j composite?
False
Let h(l) = -l**3 - 18*l**2 - 9*l - 33. Let s(v) = -2*v**3 - 18*v**2 - 8*v - 32. Let q(a) = -3*h(a) + 2*s(a). Is q(18) a composite number?
False
Suppose 4*n - 6*n + 8 = 0. Suppose n*w + 2*l = -2, -w + 10 + 7 = 4*l. Is (-1759)/w - (-12)/18 composite?
False
Let x(y) = 565*y**2 - 10*y + 30. Is x(-7) composite?
True
Suppose 6738 + 1730 = 4*a. Is a prime?
False
Is ((-683560)/(-16))/23*(1 + 1) a prime number?
False
Is ((-5)/15)/((-7)/(6 - -99933)) prime?
True
Suppose -5*h - 3674 + 373 = 2*u, 3*h + u + 1980 = 0. Let d = -399 - h. Suppose -5*g = -4*p - 271 - 14, 5*g = -p + d. Is g a composite number?
False
Let o be 4 + 13 + 12/3. Let y be ((-7)/o)/(2/(-30)). Suppose y*g + 395 = 5*b, -4*g + 237 = 3*b - 0*g. Is b composite?
False
Let t = 59 + -73. Let b(v) be the third derivative of -3*v**4/4 + v**3/3 + 4*v**2. Is b(t) a composite number?
True
Let f(r) be the third derivative of 185*r**4/24 - 8*r**3/3 - 6*r**2. Is f(7) a prime number?
True
Let v(o) = -o + 3. Let p be v(3). Suppose p = t + t + 4. Is t/7 - 2332/(-28) a prime number?
True
Let c(v) = 6*v + 7. Suppose 0 = 3*o - o - 8. Suppose 32 = 5*f + 3*n - 2, -o*f = -3*n - 11. Is c(f) a prime number?
True
Suppose 4*z + 4*m - 57262 - 11362 = 0, 3*m - 68627 = -4*z. Is z composite?
False
Let j(v) = v**3 - 4*v**2 + 3*v + 2. Let a be j(3). Suppose 4820 = a*d + 2*d. Let b = 2094 - d. Is b a composite number?
True
Let l(k) = -k**3 - 13*k**2 - 6*k + 17. Is l(-15) prime?
True
Let j(a) = -14*a**3 + a**2 + 3*a + 2. Let o be j(-1). Let h be o/63 + (-356)/(-18). Suppose -h = 5*b, 181 = 3*m - 0*m - 4*b. Is m a prime number?
False
Is -9458*((-6)/8)/(27/18) prime?
True
Let h = -3079 + 15318. Is h a composite number?
False
Suppose -5*z + 12 = 2. Suppose 2*q + z = 3*q. Suppose 417 = 5*d - q*f, -4*d + 4*f + 324 = -0*d. Is d composite?
True
Suppose 0 = -7*v + 2*v - 40. Let m(k) = 2*k**3 + 18*k**2 - 7*k + 1. Is m(v) a composite number?
True
Let y be (2 + -3)/((-4)/(-8)). Let k be (1/y)/((-4)/8). Is (-1)/(k/2) + 67 prime?
False
Suppose 5770 = k - 5*w, -92 + 107 = -5*w. Is k composite?
True
Suppose 3*j - 10 = -61. Let h = j - -15. Is h - -3 - (2 - 630) composite?
True
Let b = 4 - 2. Let r be -5 + b/3*3. Let u = r + 68. Is u composite?
True
Is ((-6)/(-3))/((-14)/(-191821)) prime?
False
Let n be 665/25 + 5 - 4/(-10). Suppose -33*l + n*l = -1039. Is l prime?
True
Suppose -3*g = -0*g. Let v(x) = 3*x**2 - 6*x + 4. Let o be v(2). Is o + 79 + 2 + g prime?
False
Let j(k) = k**2 + 226. Let v be j(0). Suppose -c + v = -405. Is c prime?
True
Suppose -7*p + 28 = -3*p. Suppose 4*h + 2 = 2*m, -3*h + 2 - 6 = -4*m. Suppose -w + 84 + p = h. Is w a prime number?
False
Suppose -4*d + 2772 = 4*s, -4*d + 1063 = 2*s - 321. Is s composite?
True
Let b be (-20)/8 - 2/4 - 7235. Let p = -3939 - b. Is p a prime number?
True
Let b(v) = -9*v**3 + 2*v**2 + 3*v - 9. Suppose -12 = 3*n + 2*i, 0*i - 5*i = 4*n + 16. Is b(n) composite?
False
Suppose -5*v + 10775 = -4*t, 12*t - 13*t + 5 = 0. Is v a prime number?
False
Let o(v) = -164*v + 19. Is o(-7) a composite number?
True
Is (-1987360)/(-240)*6/4 composite?
False
Is 1/7 - 244536/(-14) a prime number?
True
Let o(s) = 23*s**2 + 25*s - 43. Is o(7) prime?
True
Suppose 0 = -4*y + 5*v + 38641 - 15668, -y + 3*v = -5752. Is y a composite number?
False
Suppose -16 = -3*n - 61. Let m be (n/3)/((-3)/921). Suppose l + m = 6*l. Is l prime?
True
Suppose 670 = 4*h - 334. Is h a composite number?
False
Is (-2)/1 - (-13249 + 30) prime?
True
Let l be (3 + 1)/(9 - 7). Suppose 2*w = -4*u - 3*w + 28, 8 = l*w. Suppose -4*s + u*t = -824 - 186, 5*s = -5*t + 1240. Is s prime?
True
Let h(y) = -2969*y + 28. Let l be h(-5). Suppose -7*i + l + 4622 = 0. Is i a composite number?
True
Suppose 6*g + 38170 = 11*g - 5*c, -4*g - c = -30531. Is g a composite number?
True
Let g(t) be the second derivative of t**5/20 - 7*t**4/12 + t**3/6 - 6*t**2 - 17*t. Is g(9) composite?
True
Let c(z) = -z**3 + 28*z**2 - 23*z - 38. Let l be c(21). Suppose -5*t = -4*s - 6369, -3*s = -3*t + 5*t - l. Is t a prime number?
True
Suppose 0 = -173*k + 171*k + 58538. Is k composite?
False
Is (-6 - 0)*3183/(-18) a prime number?
True
Let h be -2 - 1/2*-14. Suppose l - h*g - 330 = 0, 0 = 2*l - 0*l - 5*g - 655. Let d = l + 164. Is d a prime number?
False
Let v = 364 - 563. Let g = v + 348. Suppose -4*p = -2*z - 312, g + 92 = 3*p - 5*z. Is p a prime number?
False
Suppose -11*p + 6*p = -10. Suppose 0 = p*l - l - 191. Is l composite?
False
Suppose 0*m - 2*m - 15 = s, -5*s + 75 = -5*m. Let r = m - -11. Let p(g) = 108*g + 3. Is p(r) a prime number?
False
Let b(o) be the second derivative of o**5/10 + o**4/24 + o**3/6 + 4*o**2 + 3*o. Let c(m) be the first derivative of b(m). Is c(-6) prime?
True
Suppose r - 6 + 2 = 0. Let s(k) = -2 + k**3 - 1 - r*k**2 + 5. Is s(7) composite?
False
Suppose 4*u = -16, -2*i = -4*i - 2*u - 32. Let w = i - -10. Is (87/w)/(12/(-24)) a composite number?
True
Let f = -44 + 50. Suppose f*k = 4*k + 826. Is k a prime number?
False
Let g = -769 - -2180. Is 2/9 - g/(-9) a composite number?
False
Suppose -2*d - l - 66 = -19, -3*l = -5*d - 90. Is (d + 20)*(-2522)/2 a prime number?
False
Let q = -15